{"id":14,"date":"2019-03-29T08:45:34","date_gmt":"2019-03-29T08:45:34","guid":{"rendered":"http:\/\/www.mesdechetsspecifiques.com\/?page_id=14"},"modified":"2020-08-13T13:20:56","modified_gmt":"2020-08-13T13:20:56","slug":"home","status":"publish","type":"page","link":"http:\/\/www.mesdechetsspecifiques.com\/","title":{"rendered":"home"},"content":{"rendered":"<p><span style=\"width: 100%;\"><img loading=\"lazy\" alt=\"dechets specifiques\" width=\"230\" height=\"231\" title=\"dechets specifiques\" data-id=\"10\" src=\"\/\/www.mesdechetsspecifiques.com\/wp-content\/uploads\/2019\/03\/dechets-specifiques.png\" style=\"\"><\/span><\/p>\n<h1 style=\"text-align: center;\"><strong>Mes d\u00e9chets sp\u00e9cifiques<\/strong><\/h1>\n<p style=\"text-align: center;\"><strong>Ne polluez plus votre poubelle, g\u00e9olocalisez-vous<\/strong>pour trouver le point de collecte le plus proche !<\/p>\n<p><span><img loading=\"lazy\" alt=\"\" width=\"1950\" height=\"300\" title=\"map-bg\" data-id=\"20\" src=\"\/\/www.mesdechetsspecifiques.com\/wp-content\/uploads\/2019\/03\/map-bg.jpg\"><\/span><\/p>\n<h2 style=\"text-align: center;\"><strong>O\u00f9 les apporter ?<\/strong><\/h2>\n<p>Les d\u00e9chets sp\u00e9cifiques issus de vos produits d\u2019entretien, de bricolage et de jardinage ne vont pas \u00e0 la poubelle, ni dans les canalisations. Vous pouvez les apporter en d\u00e9chetterie ou aux points de collecte ponctuelle proches de chez vous, si possible dans leur emballage d\u2019origine.<\/p>\n<\/p>\n<h2 style=\"text-align: center;\"><strong>De quoi parle-t-on ?<\/strong><\/h2>\n<p><span style=\"width: 100%;\"><img loading=\"lazy\" alt=\"peinture\" width=\"345\" height=\"228\" title=\"peinture\" data-id=\"21\" src=\"\/\/www.mesdechetsspecifiques.com\/wp-content\/uploads\/2019\/03\/peinture.png\" style=\"\"><\/span><\/p>\n<p style=\"text-align: center;\">BRICOLAGE &amp; DECORATION<\/p>\n<p><span style=\"width: 100%;\"><img loading=\"lazy\" alt=\"chauffage cheminee barbecue\" width=\"304\" height=\"214\" title=\"chauffage cheminee barbecue\" data-id=\"22\" src=\"\/\/www.mesdechetsspecifiques.com\/wp-content\/uploads\/2019\/03\/chauffage-cheminee-barbecue.png\" style=\"\"><\/span><\/p>\n<p style=\"text-align: center;\">CHAUFFAGE, CHEMINEES ET BARBECUE<\/p>\n<p><span style=\"width: 100%;\"><img loading=\"lazy\" alt=\"entretien specifique maison\" width=\"316\" height=\"248\" title=\"entretien specifique maison\" data-id=\"23\" src=\"\/\/www.mesdechetsspecifiques.com\/wp-content\/uploads\/2019\/03\/entretien-specifique-maison.png\" style=\"\"><\/span><\/p>\n<p style=\"text-align: center;\">ENTRETIEN SPECIFIQUE DE LA MAISON<\/p>\n<p><span style=\"width: 100%;\"><img loading=\"lazy\" alt=\"entretien piscine\" width=\"323\" height=\"203\" title=\"entretien piscine\" data-id=\"24\" src=\"\/\/www.mesdechetsspecifiques.com\/wp-content\/uploads\/2019\/03\/entretien-piscine.png\" style=\"\"><\/span><\/p>\n<p style=\"text-align: center;\">ENTRETIEN PISCINE<\/p>\n<p><span style=\"width: 100%;\"><img loading=\"lazy\" alt=\"entretien voiture\" width=\"321\" height=\"191\" title=\"entretien voiture\" data-id=\"25\" src=\"\/\/www.mesdechetsspecifiques.com\/wp-content\/uploads\/2019\/03\/entretien-voiture.png\" style=\"\"><\/span><\/p>\n<p style=\"text-align: center;\">ENTRETIEN VEHICULE<\/p>\n<p><span style=\"width: 100%;\"><img loading=\"lazy\" alt=\"jardinage\" width=\"348\" height=\"232\" title=\"jardinage\" data-id=\"26\" src=\"\/\/www.mesdechetsspecifiques.com\/wp-content\/uploads\/2019\/03\/jardinage.png\" style=\"\"><\/span><\/p>\n<p style=\"text-align: center;\">JARDINAGE<\/p>\n<h2 style=\"text-align: center;\"><strong>Que deviennent-ils ?<\/strong><\/h2>\n<p style=\"text-align: center;\">D\u00e9couvrez le parcours de vos d\u00e9chets sp\u00e9cifiques, de leur mise sur le march\u00e9, \u00e0 leur traitement :<\/p>\n<p><span style=\"width: 100%;\"><img loading=\"lazy\" alt=\"\" width=\"299\" height=\"192\" title=\"etape-collecte\" data-id=\"27\" src=\"\/\/www.mesdechetsspecifiques.com\/wp-content\/uploads\/2019\/03\/etape-collecte.png\" style=\"\"><\/span><\/p>\n<h3>Mise sur le march\u00e9&nbsp;de produits&nbsp;g\u00e9n\u00e9rateurs de d\u00e9chets sp\u00e9cifiques<\/h3>\n<p><span style=\"width: 100%;\"><img loading=\"lazy\" alt=\"\" width=\"302\" height=\"245\" title=\"apport-decheterie\" data-id=\"28\" src=\"\/\/www.mesdechetsspecifiques.com\/wp-content\/uploads\/2019\/03\/apport-decheterie.png\" style=\"\"><\/span><\/p>\n<h3>Apport en d\u00e9chetterie<\/h3>\n<p><span style=\"width: 100%;\"><img loading=\"lazy\" alt=\"\" width=\"289\" height=\"125\" title=\"tri-dechets\" data-id=\"29\" src=\"\/\/www.mesdechetsspecifiques.com\/wp-content\/uploads\/2019\/03\/tri-dechets.png\" style=\"\"><\/span><\/p>\n<h3>Premier tri des d\u00e9chets sp\u00e9cifiques par les gardiens pour \u00e9viter les incompatibilit\u00e9s chimiques<\/h3>\n<p><span style=\"width: 100%;\"><img loading=\"lazy\" alt=\"\" width=\"279\" height=\"145\" title=\"site-industriel\" data-id=\"30\" src=\"\/\/www.mesdechetsspecifiques.com\/wp-content\/uploads\/2019\/03\/site-industriel.png\" style=\"\"><\/span><\/p>\n<h3>Transport r\u00e9glement\u00e9 vers des sites industriels sp\u00e9cialis\u00e9s de tri et de regroupement<\/h3>\n<p><span style=\"width: 100%;\"><img loading=\"lazy\" alt=\"\" width=\"195\" height=\"177\" title=\"valorisation-energetique\" data-id=\"31\" src=\"\/\/www.mesdechetsspecifiques.com\/wp-content\/uploads\/2019\/03\/valorisation-energetique.png\" style=\"\"><\/span><\/p>\n<h3>Valorisation \u00e9nerg\u00e9tique, \u00e9limination ou recyclage des d\u00e9chets sp\u00e9cifiques dans des conditions respectueuses de l\u2019environnement<\/h3>\n<h2 style=\"text-align: center;\"><strong>Pourquoi les apporter ?<\/strong><\/h2>\n<p>Pour mieux valoriser les d\u00e9chets qui vont \u00e0 la poubelle et qui ne doivent pas \u00eatre pollu\u00e9s par des d\u00e9chets repr\u00e9sentant un&nbsp;<strong>risque pour la sant\u00e9 et l\u2019environnement.<\/strong><\/p>\n<p>Les d\u00e9chets sp\u00e9cifiques, g\u00e9n\u00e9ralement issus de produits chimiques, n\u00e9cessitent&nbsp;<strong>une collecte et un traitement sp\u00e9cifique,<\/strong> qu\u2019ils soient vides, souill\u00e9s ou avec un reste de contenu.<\/p>\n<p style=\"text-align: center;\">\u200b<\/p>\n","protected":false},"excerpt":{"rendered":"<p>Mes d\u00e9chets sp\u00e9cifiques Ne polluez plus votre poubelle, g\u00e9olocalisez-vouspour trouver le point de collecte le plus proche ! O\u00f9 les apporter ? Les d\u00e9chets sp\u00e9cifiques issus de vos produits d\u2019entretien, de bricolage et de jardinage ne vont pas \u00e0 la poubelle, ni dans les canalisations. Vous pouvez les apporter en d\u00e9chetterie ou aux points de &hellip; <\/p>\n<p class=\"link-more\"><a href=\"http:\/\/www.mesdechetsspecifiques.com\/\" class=\"more-link\">Continuer la lecture<span class=\"screen-reader-text\"> de &laquo;&nbsp;home&nbsp;&raquo;<\/span><\/a><\/p>\n","protected":false},"author":1,"featured_media":0,"parent":0,"menu_order":0,"comment_status":"closed","ping_status":"closed","template":"","meta":[],"yoast_head":"<!-- This site is optimized with the Yoast SEO plugin v19.6.1 - https:\/\/yoast.com\/wordpress\/plugins\/seo\/ -->\n<title>Mes d\u00e9chets sp\u00e9cifiques : comment sont g\u00e9r\u00e9s les DDS des m\u00e9nages<\/title>\n<meta name=\"description\" content=\"Tout savoir sur les DDS (d\u00e9chets diffus sp\u00e9cifiques) : produits d&#039;entretien, jardinage, peinture, solvant. Faites le tri et apportez les en d\u00e9ch\u00e8terie !\" \/>\n<meta name=\"robots\" content=\"index, follow, max-snippet:-1, max-image-preview:large, max-video-preview:-1\" \/>\n<link rel=\"canonical\" href=\"http:\/\/www.mesdechetsspecifiques.com\/\" \/>\n<meta property=\"og:locale\" content=\"fr_FR\" \/>\n<meta property=\"og:type\" content=\"article\" \/>\n<meta property=\"og:title\" content=\"Mes d\u00e9chets sp\u00e9cifiques : comment sont g\u00e9r\u00e9s les DDS des m\u00e9nages\" \/>\n<meta property=\"og:description\" content=\"Tout savoir sur les DDS (d\u00e9chets diffus sp\u00e9cifiques) : produits d&#039;entretien, jardinage, peinture, solvant. Faites le tri et apportez les en d\u00e9ch\u00e8terie !\" \/>\n<meta property=\"og:url\" content=\"http:\/\/www.mesdechetsspecifiques.com\/\" \/>\n<meta property=\"og:site_name\" content=\"Mes d\u00e9chets sp\u00e9cifiques\" \/>\n<meta property=\"article:modified_time\" content=\"2020-08-13T13:20:56+00:00\" \/>\n<meta property=\"og:image\" content=\"\/\/www.mesdechetsspecifiques.com\/wp-content\/uploads\/2019\/03\/dechets-specifiques.png\" \/>\n<meta name=\"twitter:card\" content=\"summary_large_image\" \/>\n<meta name=\"twitter:label1\" content=\"Dur\u00e9e de lecture estim\u00e9e\" \/>\n\t<meta name=\"twitter:data1\" content=\"1 minute\" \/>\n<script type=\"application\/ld+json\" class=\"yoast-schema-graph\">{\"@context\":\"https:\/\/schema.org\",\"@graph\":[{\"@type\":\"WebPage\",\"@id\":\"http:\/\/www.mesdechetsspecifiques.com\/\",\"url\":\"http:\/\/www.mesdechetsspecifiques.com\/\",\"name\":\"Mes d\u00e9chets sp\u00e9cifiques : comment sont g\u00e9r\u00e9s les DDS des m\u00e9nages\",\"isPartOf\":{\"@id\":\"http:\/\/www.mesdechetsspecifiques.com\/#website\"},\"datePublished\":\"2019-03-29T08:45:34+00:00\",\"dateModified\":\"2020-08-13T13:20:56+00:00\",\"description\":\"Tout savoir sur les DDS (d\u00e9chets diffus sp\u00e9cifiques) : produits d'entretien, jardinage, peinture, solvant. Faites le tri et apportez les en d\u00e9ch\u00e8terie !\",\"breadcrumb\":{\"@id\":\"http:\/\/www.mesdechetsspecifiques.com\/#breadcrumb\"},\"inLanguage\":\"fr-FR\",\"potentialAction\":[{\"@type\":\"ReadAction\",\"target\":[\"http:\/\/www.mesdechetsspecifiques.com\/\"]}]},{\"@type\":\"BreadcrumbList\",\"@id\":\"http:\/\/www.mesdechetsspecifiques.com\/#breadcrumb\",\"itemListElement\":[{\"@type\":\"ListItem\",\"position\":1,\"name\":\"Accueil\",\"item\":\"http:\/\/www.mesdechetsspecifiques.com\/\"},{\"@type\":\"ListItem\",\"position\":2,\"name\":\"home\"}]},{\"@type\":\"WebSite\",\"@id\":\"http:\/\/www.mesdechetsspecifiques.com\/#website\",\"url\":\"http:\/\/www.mesdechetsspecifiques.com\/\",\"name\":\"Mes d\u00e9chets sp\u00e9cifiques\",\"description\":\"\",\"publisher\":{\"@id\":\"http:\/\/www.mesdechetsspecifiques.com\/#organization\"},\"potentialAction\":[{\"@type\":\"SearchAction\",\"target\":{\"@type\":\"EntryPoint\",\"urlTemplate\":\"http:\/\/www.mesdechetsspecifiques.com\/?s={search_term_string}\"},\"query-input\":\"required name=search_term_string\"}],\"inLanguage\":\"fr-FR\"},{\"@type\":\"Organization\",\"@id\":\"http:\/\/www.mesdechetsspecifiques.com\/#organization\",\"name\":\"Mes d\u00e9chets sp\u00e9cifiques\",\"url\":\"http:\/\/www.mesdechetsspecifiques.com\/\",\"sameAs\":[],\"logo\":{\"@type\":\"ImageObject\",\"inLanguage\":\"fr-FR\",\"@id\":\"http:\/\/www.mesdechetsspecifiques.com\/#\/schema\/logo\/image\/\",\"url\":\"http:\/\/www.mesdechetsspecifiques.com\/wp-content\/uploads\/2019\/03\/cropped-dechets-specifiques.png\",\"contentUrl\":\"http:\/\/www.mesdechetsspecifiques.com\/wp-content\/uploads\/2019\/03\/cropped-dechets-specifiques.png\",\"width\":250,\"height\":250,\"caption\":\"Mes d\u00e9chets sp\u00e9cifiques\"},\"image\":{\"@id\":\"http:\/\/www.mesdechetsspecifiques.com\/#\/schema\/logo\/image\/\"}}]}<\/script>\n<!-- \/ Yoast SEO plugin. -->","yoast_head_json":{"title":"Mes d\u00e9chets sp\u00e9cifiques : comment sont g\u00e9r\u00e9s les DDS des m\u00e9nages","description":"Tout savoir sur les DDS (d\u00e9chets diffus sp\u00e9cifiques) : produits d'entretien, jardinage, peinture, solvant. Faites le tri et apportez les en d\u00e9ch\u00e8terie !","robots":{"index":"index","follow":"follow","max-snippet":"max-snippet:-1","max-image-preview":"max-image-preview:large","max-video-preview":"max-video-preview:-1"},"canonical":"http:\/\/www.mesdechetsspecifiques.com\/","og_locale":"fr_FR","og_type":"article","og_title":"Mes d\u00e9chets sp\u00e9cifiques : comment sont g\u00e9r\u00e9s les DDS des m\u00e9nages","og_description":"Tout savoir sur les DDS (d\u00e9chets diffus sp\u00e9cifiques) : produits d'entretien, jardinage, peinture, solvant. Faites le tri et apportez les en d\u00e9ch\u00e8terie !","og_url":"http:\/\/www.mesdechetsspecifiques.com\/","og_site_name":"Mes d\u00e9chets sp\u00e9cifiques","article_modified_time":"2020-08-13T13:20:56+00:00","og_image":[{"url":"\/\/www.mesdechetsspecifiques.com\/wp-content\/uploads\/2019\/03\/dechets-specifiques.png"}],"twitter_card":"summary_large_image","twitter_misc":{"Dur\u00e9e de lecture estim\u00e9e":"1 minute"},"schema":{"@context":"https:\/\/schema.org","@graph":[{"@type":"WebPage","@id":"http:\/\/www.mesdechetsspecifiques.com\/","url":"http:\/\/www.mesdechetsspecifiques.com\/","name":"Mes d\u00e9chets sp\u00e9cifiques : comment sont g\u00e9r\u00e9s les DDS des m\u00e9nages","isPartOf":{"@id":"http:\/\/www.mesdechetsspecifiques.com\/#website"},"datePublished":"2019-03-29T08:45:34+00:00","dateModified":"2020-08-13T13:20:56+00:00","description":"Tout savoir sur les DDS (d\u00e9chets diffus sp\u00e9cifiques) : produits d'entretien, jardinage, peinture, solvant. Faites le tri et apportez les en d\u00e9ch\u00e8terie !","breadcrumb":{"@id":"http:\/\/www.mesdechetsspecifiques.com\/#breadcrumb"},"inLanguage":"fr-FR","potentialAction":[{"@type":"ReadAction","target":["http:\/\/www.mesdechetsspecifiques.com\/"]}]},{"@type":"BreadcrumbList","@id":"http:\/\/www.mesdechetsspecifiques.com\/#breadcrumb","itemListElement":[{"@type":"ListItem","position":1,"name":"Accueil","item":"http:\/\/www.mesdechetsspecifiques.com\/"},{"@type":"ListItem","position":2,"name":"home"}]},{"@type":"WebSite","@id":"http:\/\/www.mesdechetsspecifiques.com\/#website","url":"http:\/\/www.mesdechetsspecifiques.com\/","name":"Mes d\u00e9chets sp\u00e9cifiques","description":"","publisher":{"@id":"http:\/\/www.mesdechetsspecifiques.com\/#organization"},"potentialAction":[{"@type":"SearchAction","target":{"@type":"EntryPoint","urlTemplate":"http:\/\/www.mesdechetsspecifiques.com\/?s={search_term_string}"},"query-input":"required name=search_term_string"}],"inLanguage":"fr-FR"},{"@type":"Organization","@id":"http:\/\/www.mesdechetsspecifiques.com\/#organization","name":"Mes d\u00e9chets sp\u00e9cifiques","url":"http:\/\/www.mesdechetsspecifiques.com\/","sameAs":[],"logo":{"@type":"ImageObject","inLanguage":"fr-FR","@id":"http:\/\/www.mesdechetsspecifiques.com\/#\/schema\/logo\/image\/","url":"http:\/\/www.mesdechetsspecifiques.com\/wp-content\/uploads\/2019\/03\/cropped-dechets-specifiques.png","contentUrl":"http:\/\/www.mesdechetsspecifiques.com\/wp-content\/uploads\/2019\/03\/cropped-dechets-specifiques.png","width":250,"height":250,"caption":"Mes d\u00e9chets sp\u00e9cifiques"},"image":{"@id":"http:\/\/www.mesdechetsspecifiques.com\/#\/schema\/logo\/image\/"}}]}},"_links":{"self":[{"href":"http:\/\/www.mesdechetsspecifiques.com\/index.php?rest_route=\/wp\/v2\/pages\/14"}],"collection":[{"href":"http:\/\/www.mesdechetsspecifiques.com\/index.php?rest_route=\/wp\/v2\/pages"}],"about":[{"href":"http:\/\/www.mesdechetsspecifiques.com\/index.php?rest_route=\/wp\/v2\/types\/page"}],"author":[{"embeddable":true,"href":"http:\/\/www.mesdechetsspecifiques.com\/index.php?rest_route=\/wp\/v2\/users\/1"}],"replies":[{"embeddable":true,"href":"http:\/\/www.mesdechetsspecifiques.com\/index.php?rest_route=%2Fwp%2Fv2%2Fcomments&post=14"}],"version-history":[{"count":10,"href":"http:\/\/www.mesdechetsspecifiques.com\/index.php?rest_route=\/wp\/v2\/pages\/14\/revisions"}],"predecessor-version":[{"id":45,"href":"http:\/\/www.mesdechetsspecifiques.com\/index.php?rest_route=\/wp\/v2\/pages\/14\/revisions\/45"}],"wp:attachment":[{"href":"http:\/\/www.mesdechetsspecifiques.com\/index.php?rest_route=%2Fwp%2Fv2%2Fmedia&parent=14"}],"curies":[{"name":"wp","href":"https:\/\/api.w.org\/{rel}","templated":true}]}}